ed by 25?
17
What is the remainder when 613604 is divided by 95?
94
Calculate the remainder when 216469 is divided by 43293.
4
Calculate the remainder when 28205 is divided by 82.
79
Calculate the remainder when 549 is divided by 68.
5
What is the remainder when 3068 is divided by 48?
44
What is the remainder when 26441 is divided by 71?
29
Calculate the remainder when 7626 is divided by 1084.
38
Calculate the remainder when 20187 is divided by 808.
795
What is the remainder when 22058 is divided by 786?
50
What is the remainder when 1376812 is divided by 133?
129
What is the remainder when 697 is divided by 314?
69
What is the remainder when 2365263 is divided by 3?
0
What is the remainder when 1056 is divided by 1004?
52
What is the remainder when 47600 is divided by 462?
14
Calculate the remainder when 451 is divided by 252.
199
Calculate the remainder when 36964 is divided by 303.
301
What is the remainder when 8355 is divided by 42?
39
Calculate the remainder when 2675 is divided by 271.
236
What is the remainder when 65611 is divided by 21850?
61
Calculate the remainder when 18848 is divided by 18831.
17
Calculate the remainder when 218485 is divided by 31210.
15
Calculate the remainder when 1908733 is divided by 932.
929
What is the remainder when 1204 is divided by 372?
88
What is the remainder when 3959 is divided by 180?
179
What is the remainder when 26275 is divided by 1755?
1705
What is the remainder when 5031 is divided by 295?
16
What is the remainder when 238485 is divided by 90?
75
What is the remainder when 61038 is divided by 899?
805
What is the remainder when 1099 is divided by 1096?
3
What is the remainder when 3316 is divided by 549?
22
Calculate the remainder when 380 is divided by 258.
122
What is the remainder when 23643 is divided by 22?
15
What is the remainder when 3917 is divided by 111?
32
Calculate the remainder when 633 is divided by 340.
293
What is the remainder when 6581 is divided by 3254?
73
What is the remainder when 26035 is divided by 94?
91
Calculate the remainder when 20125 is divided by 916.
889
Calculate the remainder when 51785 is divided by 92.
81
What is the remainder when 943 is divided by 883?
60
Calculate the remainder when 5012 is divided by 295.
292
What is the remainder when 2316 is divided by 258?
252
What is the remainder when 4391 is divided by 1125?
1016
Calculate the remainder when 958671 is divided by 143.
142
Calculate the remainder when 15103 is divided by 159.
157
Calculate the remainder when 891025 is divided by 27.
25
What is the remainder when 272274 is divided by 111?
102
Calculate the remainder when 11548 is divided by 502.
2
What is the remainder when 3233 is divided by 3221?
12
Calculate the remainder when 9999 is divided by 211.
82
Calculate the remainder when 14467 is divided by 3602.
59
What is the remainder when 10034 is divided by 157?
143
Calculate the remainder when 146552 is divided by 2931.
2
Calculate the remainder when 239735 is divided by 119841.
53
What is the remainder when 23307 is divided by 299?
284
What is the remainder when 1386 is divided by 126?
0
Calculate the remainder when 57770 is divided by 28864.
42
Calculate the remainder when 472 is divided by 108.
40
What is the remainder when 110769 is divided by 2?
1
Calculate the remainder when 594 is divided by 73.
10
What is the remainder when 143326 is divided by 8?
6
Calculate the remainder when 7413 is divided by 802.
195
What is the remainder when 14017 is divided by 640?
577
Calculate the remainder when 6288 is divided by 2828.
632
What is the remainder when 78528 is divided by 15704?
8
What is the remainder when 5867 is divided by 840?
827
What is the remainder when 2888368 is divided by 90?
88
Calculate the remainder when 3344097 is divided by 75.
72
What is the remainder when 1110455 is divided by 291?
290
Calculate the remainder when 7382 is divided by 9.
2
Calculate the remainder when 34711 is divided by 462.
61
What is the remainder when 11201 is divided by 151?
27
What is the remainder when 40243 is divided by 45?
13
What is the remainder when 5015 is divided by 1661?
32
Calculate the remainder when 328039 is divided by 407.
404
What is the remainder when 380463 is divided by 53?
29
Calculate the remainder when 333081 is divided by 16653.
21
Calculate the remainder when 3335 is divided by 1026.
257
Calculate the remainder when 137193 is divided by 6.
3
What is the remainder when 2220003 is divided by 33?
27
Calculate the remainder when 8834 is divided by 2891.
161
What is the remainder when 28574 is divided by 29?
9
Calculate the remainder when 160999 is divided by 56.
55
Calculate the remainder when 19098 is divided by 27.
9
Calculate the remainder when 727648 is divided by 294.
292
What is the remainder when 4411 is divided by 35?
1
Calculate the remainder when 562809 is divided by 139.
137
Calculate the remainder when 689 is divided by 88.
73
Calculate the remainder when 1948 is divided by 626.
70
Calculate the remainder when 144 is divided by 114.
30
Calculate the remainder when 756 is divided by 29.
2
What is the remainder when 54012 is divided by 17998?
18
Calculate the remainder when 3493 is divided by 1416.
661
Calculate the remainder when 40230 is divided by 153.
144
Calculate the remainder when 15121 is divided by 4729.
934
Calculate the remainder when 13068 is divided by 6533.
2
What is the remainder when 21913 is divided by 1372?
1333
Calculate the remainder when 18497 is divided by 134.
5
What is the remainder when 637714 is divided by 18?
10
Calculate the remainder when 16584 is divided by 690.
24
What is the remainder when 78147 is divided by 31?
27
Calculate the remainder when 351130 is divided by 43.
35
Calculate the remainder when 6883 is divided by 153.
151
Calculate the remainder when 1800 is divided by 895.
10
Calculate the remainder when 563813 is divided by 24.
5
What is the remainder when 86391 is divided by 51?
48
Calculate the remainder when 60696 is divided by 85.
6
Calculate the remainder when 77509 is divided by 19374.
13
Calculate the remainder when 98411 is divided by 81.
77
Calculate the remainder when 185432 is divided by 113.
112
Calculate the remainder when 66479 is divided by 764.
11
What is the remainder when 84539 is divided by 351?
299
What is the remainder when 4320 is divided by 709?
66
What is the remainder when 19190 is divided by 6378?
56
What is the remainder when 3103 is divided by 63?
16
Calculate the remainder when 6710 is divided by 258.
2
Calculate the remainder when 25836 is divided by 12916.
4
Calculate the remainder when 2054 is divided by 395.
79
What is the remainder when 15917 is divided by 142?
13
Calculate the remainder when 37810 is divided by 276.
274
Calculate the remainder when 11992 is divided by 61.
36
Calculate the remainder when 836546 is divided by 39.
35
What is the remainder when 1069 is divided by 483?
103
What is the remainder when 4168 is divided by 345?
28
Calculate the remainder when 1238 is divided by 131.
59
What is the remainder when 187068 is divided by 127?
124
Calculate the remainder when 2534 is divided by 373.
296
Calculate the remainder when 162488 is divided by 7.
4
Calculate the remainder when 281690 is divided by 21.
17
What is the remainder when 9703 is divided by 59?
27
What is the remainder when 9047 is divided by 1742?
337
What is the remainder when 2080 is divided by 275?
155
Calculate the remainder when 3283199 is divided by 25.
24
What is the remainder when 13015 is divided by 2378?
1125
What is the remainder when 549772 is divided by 49978?
14
What is the remainder when 326873 is divided by 253?
250
Calculate the remainder when 87767 is divided by 844.
835
Calculate the remainder when 2003 is divided by 519.
446
Calculate the remainder when 327670 is divided by 109222.
4
Calculate the remainder when 98836 is divided by 102.
100
Calculate the remainder when 227248 is divided by 55.
43
Calculate the remainder when 23475 is divided by 7817.
24
Calculate the remainder when 8671 is divided by 20.
11
What is the remainder when 35307 is divided by 26?
25
Calculate the remainder when 126558 is divided by 42182.
12
Calculate the remainder when 10624 is divided by 83.
0
What is the remainder when 27816 is di